 is the greatest common factor of 125356 and 31108?
308
What is the greatest common factor of 33498846 and 1296?
162
What is the highest common factor of 23 and 28073041?
23
What is the greatest common factor of 18643 and 2568028?
181
Calculate the greatest common divisor of 640 and 99589760.
640
What is the greatest common factor of 345 and 7791595?
115
What is the highest common divisor of 2 and 342553?
1
What is the highest common factor of 78256 and 269440?
16
What is the highest common divisor of 10 and 97202455?
5
What is the highest common divisor of 1163786 and 4420?
442
What is the highest common divisor of 2240 and 3828800?
320
What is the greatest common divisor of 3762 and 3744558?
342
Calculate the highest common factor of 1049276 and 3324.
1108
Calculate the highest common divisor of 57182664 and 222712.
5432
What is the highest common divisor of 50065 and 187?
17
Calculate the greatest common divisor of 22381033 and 83.
83
What is the greatest common factor of 6118 and 9746618?
322
What is the highest common divisor of 95866460 and 1160?
580
What is the greatest common divisor of 104 and 748559136?
104
Calculate the highest common divisor of 115911 and 801.
9
Calculate the highest common divisor of 360094 and 1610.
14
What is the highest common factor of 41754925 and 3625?
725
Calculate the highest common factor of 131253129 and 1162.
581
What is the highest common factor of 836 and 121485886?
38
What is the greatest common factor of 136863 and 8825129?
5069
What is the greatest common factor of 196049252 and 28?
28
What is the highest common factor of 6370 and 153205?
65
Calculate the highest common factor of 51463 and 9853708.
971
Calculate the highest common factor of 1769355954 and 306.
306
What is the highest common divisor of 1754968580 and 5770?
5770
Calculate the highest common factor of 4328 and 28765511.
541
What is the highest common divisor of 22 and 14696011?
11
What is the highest common divisor of 1148094 and 1575936?
3078
What is the greatest common divisor of 126 and 216125?
7
What is the highest common factor of 99560 and 170169?
131
Calculate the greatest common factor of 11 and 8679956.
1
Calculate the greatest common divisor of 118 and 142673.
1
What is the greatest common divisor of 73802091 and 246?
123
What is the highest common divisor of 41959072 and 9184?
1312
Calculate the greatest common factor of 3081074 and 2502.
278
What is the highest common factor of 4936 and 17545629?
617
Calculate the highest common factor of 54145 and 26890955.
3185
Calculate the highest common factor of 631358 and 2072.
14
What is the highest common factor of 24 and 141820152?
24
What is the highest common factor of 235641 and 4132992?
687
What is the highest common divisor of 1593288312 and 726?
726
What is the greatest common divisor of 1596 and 2716962?
114
Calculate the greatest common divisor of 3632 and 17401593.
227
What is the greatest common divisor of 58332684 and 108?
12
Calculate the highest common factor of 437 and 299851.
23
Calculate the highest common factor of 936246388 and 770.
154
What is the highest common divisor of 452 and 467720?
4
What is the greatest common divisor of 3536060 and 500?
20
What is the highest common divisor of 106167773 and 9032?
1129
What is the highest common factor of 4553894868 and 1212?
1212
What is the highest common factor of 12805 and 74091700?
985
What is the highest common divisor of 10476 and 1163700?
108
Calculate the highest common factor of 87131 and 62656.
979
What is the greatest common divisor of 66433 and 38561142?
2143
What is the greatest common factor of 1729525 and 1715?
35
Calculate the highest common divisor of 581 and 229233550.
581
Calculate the highest common divisor of 1890 and 636537150.
270
What is the highest common divisor of 18 and 3220630911?
9
Calculate the greatest common divisor of 437764704 and 1208.
1208
What is the highest common factor of 24528595 and 611?
611
Calculate the highest common divisor of 9267 and 190347269.
3089
Calculate the greatest common divisor of 968 and 57530418.
242
What is the greatest common divisor of 14879682 and 2124?
1062
Calculate the greatest common factor of 71811 and 2054.
79
Calculate the highest common factor of 1200 and 323518350.
150
What is the greatest common divisor of 2418 and 3526467?
93
What is the greatest common factor of 41591095 and 224419?
3679
What is the greatest common factor of 414567373 and 88?
11
Calculate the greatest common divisor of 88084 and 671.
61
Calculate the highest common divisor of 8313 and 564206081.
2771
Calculate the greatest common divisor of 171017 and 16940.
77
Calculate the highest common factor of 68641668 and 27.
27
Calculate the highest common divisor of 4776543 and 2565.
513
Calculate the greatest common factor of 179249 and 249487.
203
What is the greatest common divisor of 35326 and 1459?
1
Calculate the greatest common factor of 339716 and 3986164.
2444
Calculate the greatest common factor of 176551709 and 307.
307
Calculate the highest common factor of 375002 and 67318.
194
What is the highest common divisor of 135437 and 1546577?
811
What is the highest common factor of 5565327 and 5?
1
What is the highest common divisor of 255 and 1536477?
51
What is the highest common divisor of 1421606 and 4?
2
What is the greatest common divisor of 665436 and 225354?
138
What is the highest common factor of 3102 and 4256414?
94
Calculate the greatest common divisor of 2728922 and 8334.
926
What is the greatest common divisor of 69088 and 123066048?
4064
Calculate the greatest common factor of 8572668 and 182.
26
What is the greatest common factor of 1042497 and 1161?
27
Calculate the greatest common divisor of 12054 and 30317819.
2009
What is the highest common factor of 486219 and 1947?
177
What is the highest common divisor of 12 and 22997368?
4
What is the highest common divisor of 25427 and 670643?
47
Calculate the highest common factor of 560 and 1647840.
80
Calculate the greatest common divisor of 310316 and 39376.
92
What is the greatest common divisor of 6 and 1956201?
3
Calculate the highest common divisor of 5505 and 740325.
15
What is the highest common divisor of 7923 and 507489?
417
Calculate the highest common factor of 55 and 988710.
5
What is the greatest common divisor of 1172064 and 3524544?
2784
What is the greatest common divisor of 715 and 1191125?
65
Calculate the highest common factor of 126627186 and 357.
357
Calculate the highest common divisor of 81 and 613252701.
81
What is the highest common factor of 2093 and 13277095?
299
Calculate the greatest common divisor of 88559 and 845063.
1501
What is the greatest common factor of 1616 and 55482128?
1616
Calculate the greatest common divisor of 17691543 and 102.
51
Calculate the highest common factor of 20466 and 59975613.
10233
Calculate the greatest common divisor of 19727927 and 129.
43
What is the greatest common divisor of 457767150 and 10820?
5410
What is the greatest common factor of 188567 and 10807?
101
Calculate the highest common divisor of 83752359 and 62.
31
Calculate the highest common divisor of 1969497484 and 492.
164
What is the highest common factor of 1576620 and 39140?
380
Calculate the greatest common divisor of 10162361 and 33.
11
What is the greatest common divisor of 64484 and 16072?
196
What is the greatest common factor of 2468067 and 85666?
1477
What is the greatest common divisor of 3075 and 5201875?
1025
Calculate the highest common divisor of 43875 and 1183221.
351
Calculate the greatest common divisor of 28 and 107758.
14
Calculate the greatest common factor of 325740 and 21249960.
3660
Calculate the greatest common factor of 1485887130 and 1638.
1638
Calculate the greatest common divisor of 47806981 and 244.
61
What is the greatest common divisor of 6398 and 411658288?
914
Calculate the highest common factor of 1938 and 40567185.
969
What is the highest common factor of 16 and 3955748?
4
What is the greatest common divisor of 508 and 1630534?
2
Calculate the highest common factor of 4236577 and 391.
23
What is the greatest common divisor of 26947837 and 32165?
6433
What is the greatest common factor of 26036 and 37260?
92
Calculate the greatest common divisor of 22 and 3727